7, what is 166611 + -2?
166606
In base 9, what is -167158 - 8?
-167167
In base 2, what is 101100001 + -110101?
100101100
In base 9, what is -2402657 - 5?
-2402663
In base 4, what is 32222 - -1130213?
1223101
In base 5, what is -113 - 204311?
-204424
In base 11, what is a11 + -4?
a08
In base 7, what is -3 + 1204356?
1204353
In base 15, what is -be - -794?
6c5
In base 14, what is 79 + 282?
31b
In base 16, what is -139 - 4ea?
-623
In base 13, what is -45 - 8a0?
-915
In base 10, what is -53 - -5638?
5585
In base 10, what is -175170 + 3?
-175167
In base 3, what is 20221101000 + -11?
20221100212
In base 4, what is 11 + 110030?
110101
In base 13, what is b6 + a9?
192
In base 12, what is 0 - -a07a?
a07a
In base 2, what is -101000100110 - 110?
-101000101100
In base 9, what is -124 - 358?
-483
In base 9, what is -1066 - -215?
-751
In base 8, what is -4 - -3544?
3540
In base 13, what is 140 - -15a?
29a
In base 15, what is 14 + -1b01?
-1adc
In base 3, what is 1010121 - -12202202?
20220100
In base 3, what is 2 + -220221110202?
-220221110200
In base 15, what is -2 - -1690d?
1690b
In base 13, what is -ac7 + -56?
-b50
In base 3, what is 201111 + 10122?
212010
In base 9, what is -2 - 1474405?
-1474407
In base 10, what is -1802 - -481?
-1321
In base 9, what is 4 - -28227?
28232
In base 3, what is -11 + -2221221112?
-2221221200
In base 10, what is -17767 - -6?
-17761
In base 6, what is 441 + -555202?
-554321
In base 5, what is -3 - -1013231?
1013223
In base 12, what is -5 + -93029?
-93032
In base 15, what is 1 - b463?
-b462
In base 12, what is 1 - -124b5?
124b6
In base 11, what is 5 - -1a8311?
1a8316
In base 7, what is -1456025 + -2?
-1456030
In base 11, what is 101a4 + -5?
1019a
In base 6, what is 5 + -102033?
-102024
In base 7, what is -113 - -11615?
11502
In base 15, what is -21 - 18ee?
-1920
In base 13, what is -14664 + 5?
-1465c
In base 4, what is -120210 - 30?
-120300
In base 11, what is 29a4 - 61?
2943
In base 7, what is 122 + -50?
42
In base 12, what is -113 + -2953?
-2a66
In base 15, what is -4 - -145c?
1458
In base 2, what is 1011011111101101111 + -110?
1011011111101101001
In base 9, what is -17724 - 0?
-17724
In base 2, what is -101001 - 111011100111?
-111100010000
In base 12, what is 5 - aa22?
-aa19
In base 11, what is -4 + a84?
a80
In base 15, what is 450 + -2?
44d
In base 15, what is 39 + -411?
-3c7
In base 5, what is 40 + -34304?
-34214
In base 3, what is 2200110011 + -121?
2200102120
In base 15, what is -67297 - 1?
-67298
In base 16, what is 4 - dea?
-de6
In base 3, what is 20021222210 + 0?
20021222210
In base 7, what is 0 + 60661?
60661
In base 14, what is -89 + 216?
16b
In base 9, what is -13037 - 210?
-13247
In base 15, what is -1 + 171e8a?
171e89
In base 13, what is 87b - b?
870
In base 2, what is 11 - 1000110111011110?
-1000110111011011
In base 16, what is a + 4473?
447d
In base 11, what is -115077 + -2?
-115079
In base 14, what is 13 - 478a2?
-4788d
In base 14, what is -4 + 2d01?
2cdb
In base 11, what is 158 + -157?
1
In base 7, what is 2413 - -53?
2466
In base 8, what is 2066032 + -3?
2066027
In base 3, what is -10112122021012 - -11?
-10112122021001
In base 6, what is -420 + 105?
-311
In base 13, what is a3b - 78?
993
In base 12, what is -1b578 - -147?
-1b431
In base 10, what is 9 - 32793?
-32784
In base 16, what is 27 + -189c?
-1875
In base 3, what is -111 - -101221102?
101220221
In base 4, what is 111210220113 + 2?
111210220121
In base 4, what is -22101 - -110102?
22001
In base 12, what is -584b - a?
-5859
In base 15, what is -11 - 1e33?
-1e44
In base 2, what is 100111001101 + 10001?
100111011110
In base 16, what is -fe + -b2d?
-c2b
In base 3, what is -1102 + -122202122?
-122211001
In base 10, what is -3 - -69202?
69199
In base 16, what is 54 + -603?
-5af
In base 3, what is -102 - 1100220?
-1101022
In base 7, what is -11 - -1443131?
1443120
In base 11, what is 82 + 458?
52a
In base 12, what is 4191 + 632?
4803
In base 14, what is 37 + -536d?
-5336
In base 15, what is 40be - 2?
40bc
In base 7, what is -5654 + -353?
-6340
In base 3, what is -11 + 2202122?
2202111
In base 5, what is -1 + -11223431?
-11223432
In base 9, what is 4 + -108312?
-108307
In base 12, what is 55a7 - -14?
55bb
In base 12, what is -2 + 56bb4?
56bb2
In base 2, what is -1100110100100010001 + -11?
-1100110100100010100
In base 15, what is -2 - -1188c?
1188a
In base 16, what is 622aa + 3?
622ad
In base 6, what is 1123302 + 3?
1123305
In base 9, what is 1162 - 1800?
-627
In base 13, what is -77a - 186?
-933
In base 7, what is 4 + 2222036?
2222043
In base 11, what is -3 - -29a65?
29a62
In base 8, what is 3 - -243762?
243765
In base 6, what is -231225 - -12?
-231213
In base 11, what is 62928 - -4?
62931
In base 9, what is -1 + -103331?
-103332
In base 6, what is -45132041 - 0?
-45132041
In base 10, what is 33545 - -1?
33546
In base 6, what is 10013 + -1125?
4444
In base 16, what is 53a7 - -5?
53ac
In base 2, what is -110100100001 + 11?
-110100011110
In base 12, what is 2 - 1936?
-1934
In base 6, what is -101133 - 40?
-101213
In base 16, what is -3b16 + 1?
-3b15
In base 4, what is -3213220 + -31?
-3213311
In base 3, what is -21212122 + -2?
-21212201
In base 9, what is -33 - -3618?
3575
In base 14, what is b + 44dbb?
44dc8
In base 15, what is -725 + 260?
-4b5
In base 9, what is 5 - -1646161?
1646166
In base 16, what is -28 - 54e?
-576
In base 7, what is -31225 + -202?
-31430
In base 3, what is 1022 + 121210010?
121211102
In base 9, what is -321 + 267?
-43
In base 14, what is 20 + c70?
c90
In base 6, what is -33 + 21132?
21055
In base 14, what is 41b6 - 2?
41b4
In base 12, what is -5 - 895b1?
-895b6
In base 5, what is -4 - -11133014?
11133010
In base 14, what is -a34 + 2c6?
-74c
In base 2, what is 101011111 + 1000001100?
1101101011
In base 13, what is -c319 - 20?
-c339
In base 4, what is -1 + 203021022?
203021021
In base 6, what is -2 + -5551454?
-5551500
In base 3, what is 21202 - 110021?
-11112
In base 4, what is 2 + 102003?
102011
In base 13, what is -2 + -306a9?
-306ab
In base 9, what is -65270 - -11?
-65258
In base 11, what is 1131 + -823?
409
In base 5, what is -31 + -34132?
-34213
In base 9, what is -1 + 23356?
23355
In base 15, what is 46c7 - 2a?
469c
In base 11, what is 114 + -203?
-9a
In base 10, what is 548 + -17?
531
In base 6, what is -11 + -10451?
-10502
In base 6, what is 23 + -121053?
-121030
In base 2, what is 100001110000 + 1110100111?
110000010111
In base 12, what is 121 - -790?
8b1
In base 7, what is 3211 - -260?
3501
In base 6, what is -2233 + -24325?
-31002
In base 12, what is 27741 - -11?
27752
In base 15, what is 17 + -1b2a1?
-1b289
In base 4, what is -1212 - 20231?
-22103
In base 2, what is -1 - -10000111011010?
10000111011001
In base 7, what is -216 - -1205?
656
In base 4, what is -1 - 1320033?
-1320100
In base 2, what is 1100010011 - 1110001110?
-1111011
In base 7, what is 443 - -2022?
2465
In base 7, what is 30206 + -55?
30121
In base 15, what is 4a1d9 + -8?
4a1d1
In base 11, what is -1 - 3400?
-3401
In base 13, what is 2b3 - -25c?
542
In base 14, what is 0 - 3092?
-3092
In base 9, what is -21765 - 43?
-21818
In base 13, what is 52 + -586?
-534
In base 13, what is 0 - -8757?
8757
In base 15, what is -9 - -e4a0?
e496
In base 13, what is 137b6 + 4?
137ba
In base 12, what is 17a + -34b?
-191
In base 8, what is 23615 + 731?
24546
In base 6, what is 44310 + 4?
44314
In base 12, what is -1037b + -5?
-10384
In base 8, what is -55432 - -6?
-55424
In base 15, what is -346e - -2?
-346c
In base 6, what is -3012 + -140?
-3152
In base 4, what is -11333220 - -20?
-11333200
In base 8, what is 0 + 65337?
65337
In base 6, what is -3010 + -112104?
-115114
In base 9, what is -14 + -3613?
-3627
In base 3, what is 2 - -110210021?
110210100
In base 11, what is 66aa + 471?
7070
In base 5, what is 134302 - 40?
134212
In base 5, what is 413 - -12240?
13203
In base 12, what is -22747 - 3?
-2274a
In base 13, what is -906a0 + -5?
-906a5
In base 13, what is a0 - 6aa3?
-6a03
In base 16, what is -2 + -4324?
-4326
In base 8, what is -5 - -5672167?
5672162
In base 12, what is -65 - 1299?
-1342
In base 2, what is -10 + -1101110111011011110?
-1101110111011100000
In base 3, what is -12 - -1211122110001?
1211122102212
In base 5, what is 100031 - -32?
100113
In base 14, what is 10b +